{"id":248,"date":"2021-12-01T12:58:49","date_gmt":"2021-12-01T11:58:49","guid":{"rendered":"http:\/\/freg.pl\/?page_id=248"},"modified":"2022-05-18T19:49:19","modified_gmt":"2022-05-18T17:49:19","slug":"lista-instytucji-ktore-odpowiedzialy-na-badanie-ankietowe","status":"publish","type":"page","link":"https:\/\/freg.pl\/?page_id=248","title":{"rendered":"lista instytucji, kt\u00f3re odpowiedzia\u0142y na badanie ankietowe"},"content":{"rendered":"\n<ol class=\"wp-block-list\"><li>Aleksandr\u00f3w \u0141\u00f3dzki, urz\u0105d miejski<\/li><li>Bedlno, urz\u0105d gminy<\/li><li>Be\u0142chat\u00f3w, urz\u0105d miasta<\/li><li>Be\u0142chat\u00f3w starostwo powiatowe<\/li><li>Bia\u0142a Rawska urz\u0105d miasta i gminy<\/li><li>Bia\u0142acz\u00f3w urz\u0105d gminy<\/li><li>Bielawy urz\u0105d gminy<\/li><li>Br\u0105szewice urz\u0105d gminy<\/li><li>Brzeziny powiatowe centrum pomocy rodzinie (PCPR)<\/li><li>Brze\u017anio urz\u0105d gminy<\/li><li>Budziszewice urz\u0105d gminy<\/li><li>Burzenin urz\u0105d gminy<\/li><li>Ch\u0105\u015bno urz\u0105d gminy<\/li><li>Czarno\u017cy\u0142y urz\u0105d gminy<\/li><li>Dalik\u00f3w urz\u0105d gminy<\/li><li>D\u0142ut\u00f3w urz\u0105d gminy<\/li><li>Domaniewice urz\u0105d gminy<\/li><li>Dzia\u0142oszyn urz\u0105d miasta i gminy<\/li><li>Gidle urz\u0105d gminy<\/li><li>G\u0142owno urz\u0105d miejski<\/li><li>G\u0142ubnice urz\u0105d gminy<\/li><li>Gomunice urz\u0105d gminy<\/li><li>Gorzkowice urz\u0105d gminy<\/li><li>Kie\u0142czyg\u0142\u00f3w urz\u0105d gminy<\/li><li>Kiernozia urz\u0105d gminy<\/li><li>Kleszcz\u00f3w urz\u0105d gminy<\/li><li>Kodr\u0105b urz\u0105d gminy<\/li><li>Koluszki (powiat \u0142\u00f3dzki wschodni) komenda powiatowa policji<\/li><li>Konopnica urz\u0105d gminy<\/li><li>Kowiesy urz\u0105d gminy<\/li><li>Ksawer\u00f3w urz\u0105d gminy<\/li><li>Kutno GOPS<\/li><li>Kutno komenda powiatowa policji<\/li><li>Kutno PCPR<\/li><li>Kutno powiatowy urz\u0105d pracy (PUP)<\/li><li>Kutno starostwo powiatowe<\/li><li>Kutno urz\u0105d gminy<\/li><li>Lgota Wielka urz\u0105d gminy<\/li><li>Lipce Reymontowskie urz\u0105d gminy<\/li><li>Lutomiersk urz\u0105d gminy<\/li><li>Lutut\u00f3w urz\u0105d gminy<\/li><li>\u0141ani\u0119ta urz\u0105d gminy<\/li><li>\u0141ask PUP<\/li><li>\u0141ask starostwo powiatowe<\/li><li>\u0141ask poradnia psychologiczno-pedagogiczna (PPP)<\/li><li>\u0141\u0119czyca urz\u0105d miejski<\/li><li>\u0141\u0119czyca komenda powiatowa policji<\/li><li>\u0141\u0119czyca starostwo powiatowe<\/li><li>\u0141\u0119czyca PUP<\/li><li>\u0141owicz muzeum<\/li><li>\u0141owicz PUP<\/li><li>\u0141owicz urz\u0105d gminy<\/li><li>\u0141\u00f3d\u017a urz\u0105d miasta<\/li><li>\u0141\u00f3d\u017a Muzeum Archeologiczne i Etnograficzne<\/li><li>\u0141\u00f3d\u017a-Wsch\u00f3d starostwo powiatowe<\/li><li>Mak\u00f3w urz\u0105d gminy<\/li><li>Mas\u0142owice urz\u0105d gminy<\/li><li>Mniszk\u00f3w urz\u0105d gminy<\/li><li>Mokrsko urz\u0105d gminy<\/li><li>Moszczenica urz\u0105d gminy<\/li><li>Niebor\u00f3w urz\u0105d gminy<\/li><li>Nowa Brze\u017anica urz\u0105d gminy<\/li><li>Nowe Ostrowy urz\u0105d gminy<\/li><li>Nowosolna urz\u0105d gminy<\/li><li>Opoczno PCPR<\/li><li>Opoczno starostwo powiatowe<\/li><li>Opoczno urz\u0105d gminy<\/li><li>Opor\u00f3w urz\u0105d gminy<\/li><li>Ostr\u00f3wek urz\u0105d gminy<\/li><li>Ozork\u00f3w urz\u0105d gminy<\/li><li>Pabianice komenda powiatowa policji<\/li><li>Pabianice PCPR<\/li><li>Pabianice starostwo powiatowe<\/li><li>Paj\u0119czno PCPR<\/li><li>Paj\u0119czno starostwo powiatowe<\/li><li>Parz\u0119czew urz\u0105d gminy<\/li><li>P\u0105tn\u00f3w urz\u0105d gminy<\/li><li>P\u0119czniew urz\u0105d gminy<\/li><li>Pi\u0105tek urz\u0105d gminy<\/li><li>Piotrk\u00f3w Tryb. powiatowy zesp\u00f3\u0142 ds. orzekania o niepe\u0142nosprawno\u015bci<\/li><li>Piotrk\u00f3w Tryb. urz\u0105d Miasta<\/li><li>Piotrk\u00f3w Trybunalski Miejski O\u015brodek Kultury<\/li><li>Podd\u0119bice komenda powiatowa policji<\/li><li>Podd\u0119bice PCPR<\/li><li>Podd\u0119bice PUP<\/li><li>Podd\u0119bice szpital powiatowy (Podd\u0119bickie Centrum Zdrowia Sp. z o.o.) 1<\/li><li>Podd\u0119bice starostwo powiatowe<\/li><li>Podd\u0119bice urz\u0105d miejski<\/li><li>Po\u015bwi\u0119tne urz\u0105d gminy<\/li><li>Radomsko Miejski Dom Kultury<\/li><li>Radomsko PCPR<\/li><li>Radomsko PUP<\/li><li>Radomsko urz\u0105d miasta<\/li><li>Radomsko poradnia psychologiczno-pedagogiczna<\/li><li>Radomsko starostwo powiatowe<\/li><li>Rawa Maz. starostwo powiatowe<\/li><li>Rawa Maz. urz\u0105d gminy<\/li><li>Rawa Maz. poradnia psychologiczno-pedagogiczna<\/li><li>Rawa Maz. PUP<\/li><li>Regn\u00f3w urz\u0105d gminy<\/li><li>R\u0119czno urz\u0105d gminy<\/li><li>Rog\u00f3w urz\u0105d gminy<\/li><li>Rokiciny urz\u0105d gminy<\/li><li>Rozprza urz\u0105d gminy<\/li><li>Rz\u0105\u015bnia urz\u0105d gminy<\/li><li>Rzg\u00f3w urz\u0105d miejski<\/li><li>Sadkowice urz\u0105d gminy<\/li><li>S\u0119dziejowice urz\u0105d gminy<\/li><li>Sieradz komenda powiatowa policji<\/li><li>Sieradz urz\u0105d miasta<\/li><li>Skierniewice Centrum Kultury i Sztuki<\/li><li>Skierniewice komenda powiatowa policji<\/li><li>Skierniewice PCPR<\/li><li>Skierniewice starostwo powiatowe<\/li><li>Skomlin urz\u0105d gminy<\/li><li>S\u0142upia urz\u0105d gminy<\/li><li>Stryk\u00f3w urz\u0105d miejski<\/li><li>Strzelce urz\u0105d gminy<\/li><li>Szadek urz\u0105d gminy i miasta<\/li><li>\u015awinice Warckie urz\u0105d gminy<\/li><li>Tomasz\u00f3w Maz. starostwo powiatowe<\/li><li>Tomasz\u00f3w Maz. komenda powiatowa policji<\/li><li>Tomasz\u00f3w Maz. poradnia psychologiczno-pedagogiczna<\/li><li>Tomasz\u00f3w Maz. urz\u0105d gminy<\/li><li>Tuszyn urz\u0105d miasta<\/li><li>Ujazd urz\u0105d gminy<\/li><li>Uniej\u00f3w urz\u0105d miasta<\/li><li>Wartkowice urz\u0105d gminy<\/li><li>Widawa urz\u0105d gminy<\/li><li>Wielu\u0144 Muzeum Ziemi Wielu\u0144skiej<\/li><li>Wielu\u0144 komenda powiatowa policji<\/li><li>Wielu\u0144 PCPR<\/li><li>Wielu\u0144 PUP<\/li><li>Wielu\u0144 starostwo powiatowe<\/li><li>Wierusz\u00f3w PCPR<\/li><li>Wierusz\u00f3w starostwo powiatowe<\/li><li>Wierusz\u00f3w urz\u0105d miejski<\/li><li>Wierzchlas urz\u0105d gminy<\/li><li>Wodzierady urz\u0105d gminy<\/li><li>Wolb\u00f3rz urz\u0105d gminy<\/li><li>Zapolice urz\u0105d gminy<\/li><li>Zdu\u0144ska Wola urz\u0105d miasta<\/li><li>Zdu\u0144ska Wola PCPR<\/li><li>Zdu\u0144ska Wola urz\u0105d gminy<\/li><li>Zdu\u0144ska Wola komenda powiatowa policji<\/li><li>Zel\u00f3w urz\u0105d miejski<\/li><li>Zgierz PUP<\/li><li>Zgierz urz\u0105d miasta<\/li><li>\u017belechlinek urz\u0105d gminy<\/li><li>\u017bychlin urz\u0105d gminy<\/li><\/ol>\n\n\n\n<p class=\"has-small-font-size\">Strona powsta\u0142a w ramach projektu \u201eM\u00f3j powiat \u2013 jest PJM?\u201d, realizowanego z dotacji programu Aktywni Obywatele \u2013 Fundusz Krajowy, finansowanego przez Islandi\u0119, Lichtenstein i Norwegi\u0119 w ramach Funduszy EOG.<\/p>\n\n\n\n<figure class=\"wp-block-image size-medium\"><img loading=\"lazy\" decoding=\"async\" width=\"300\" height=\"105\" src=\"http:\/\/freg.pl\/wp-content\/uploads\/2021\/12\/Active-citizens-fund@4x-300x105.png\" alt=\"logo programu Aktywni Obywatele\" class=\"wp-image-280\" srcset=\"https:\/\/freg.pl\/wp-content\/uploads\/2021\/12\/Active-citizens-fund@4x-300x105.png 300w, https:\/\/freg.pl\/wp-content\/uploads\/2021\/12\/Active-citizens-fund@4x-1024x359.png 1024w, https:\/\/freg.pl\/wp-content\/uploads\/2021\/12\/Active-citizens-fund@4x-768x270.png 768w, https:\/\/freg.pl\/wp-content\/uploads\/2021\/12\/Active-citizens-fund@4x-1536x539.png 1536w, https:\/\/freg.pl\/wp-content\/uploads\/2021\/12\/Active-citizens-fund@4x-2048x719.png 2048w, https:\/\/freg.pl\/wp-content\/uploads\/2021\/12\/Active-citizens-fund@4x-1568x550.png 1568w\" sizes=\"auto, (max-width: 300px) 100vw, 300px\" \/><\/figure>\n","protected":false},"excerpt":{"rendered":"<p>Aleksandr\u00f3w \u0141\u00f3dzki, urz\u0105d miejski Bedlno, urz\u0105d gminy Be\u0142chat\u00f3w, urz\u0105d miasta Be\u0142chat\u00f3w starostwo powiatowe Bia\u0142a Rawska urz\u0105d miasta i gminy Bia\u0142acz\u00f3w urz\u0105d gminy Bielawy urz\u0105d gminy Br\u0105szewice urz\u0105d gminy Brzeziny powiatowe centrum pomocy rodzinie (PCPR) Brze\u017anio urz\u0105d gminy Budziszewice urz\u0105d gminy Burzenin urz\u0105d gminy Ch\u0105\u015bno urz\u0105d gminy Czarno\u017cy\u0142y urz\u0105d gminy Dalik\u00f3w urz\u0105d gminy D\u0142ut\u00f3w urz\u0105d gminy &hellip; <\/p>\n<p class=\"link-more\"><a href=\"https:\/\/freg.pl\/?page_id=248\" class=\"more-link\">Czytaj dalej<span class=\"screen-reader-text\"> lista instytucji, kt\u00f3re odpowiedzia\u0142y na badanie ankietowe<\/span><\/a><\/p>\n","protected":false},"author":1,"featured_media":0,"parent":0,"menu_order":0,"comment_status":"closed","ping_status":"closed","template":"","meta":{"footnotes":""},"class_list":["post-248","page","type-page","status-publish","hentry","entry"],"yoast_head":"<!-- This site is optimized with the Yoast SEO plugin v16.1.1 - https:\/\/yoast.com\/wordpress\/plugins\/seo\/ -->\n<title>lista instytucji, kt\u00f3re odpowiedzia\u0142y na badanie ankietowe - Fundacja Rozwoju Edukacji G\u0142uchych<\/title>\n<link rel=\"canonical\" href=\"https:\/\/freg.pl\/?page_id=248\" \/>\n<meta property=\"og:locale\" content=\"pl_PL\" \/>\n<meta property=\"og:type\" content=\"article\" \/>\n<meta property=\"og:title\" content=\"lista instytucji, kt\u00f3re odpowiedzia\u0142y na badanie ankietowe - Fundacja Rozwoju Edukacji G\u0142uchych\" \/>\n<meta property=\"og:description\" content=\"Aleksandr\u00f3w \u0141\u00f3dzki, urz\u0105d miejski Bedlno, urz\u0105d gminy Be\u0142chat\u00f3w, urz\u0105d miasta Be\u0142chat\u00f3w starostwo powiatowe Bia\u0142a Rawska urz\u0105d miasta i gminy Bia\u0142acz\u00f3w urz\u0105d gminy Bielawy urz\u0105d gminy Br\u0105szewice urz\u0105d gminy Brzeziny powiatowe centrum pomocy rodzinie (PCPR) Brze\u017anio urz\u0105d gminy Budziszewice urz\u0105d gminy Burzenin urz\u0105d gminy Ch\u0105\u015bno urz\u0105d gminy Czarno\u017cy\u0142y urz\u0105d gminy Dalik\u00f3w urz\u0105d gminy D\u0142ut\u00f3w urz\u0105d gminy &hellip; Czytaj dalej lista instytucji, kt\u00f3re odpowiedzia\u0142y na badanie ankietowe\" \/>\n<meta property=\"og:url\" content=\"https:\/\/freg.pl\/?page_id=248\" \/>\n<meta property=\"og:site_name\" content=\"Fundacja Rozwoju Edukacji G\u0142uchych\" \/>\n<meta property=\"article:modified_time\" content=\"2022-05-18T17:49:19+00:00\" \/>\n<meta property=\"og:image\" content=\"http:\/\/freg.pl\/wp-content\/uploads\/2021\/12\/Active-citizens-fund@4x-300x105.png\" \/>\n<meta name=\"twitter:card\" content=\"summary_large_image\" \/>\n<meta name=\"twitter:label1\" content=\"Szacowany czas czytania\">\n\t<meta name=\"twitter:data1\" content=\"3 minuty\">\n<script type=\"application\/ld+json\" class=\"yoast-schema-graph\">{\"@context\":\"https:\/\/schema.org\",\"@graph\":[{\"@type\":\"WebSite\",\"@id\":\"https:\/\/freg.pl\/#website\",\"url\":\"https:\/\/freg.pl\/\",\"name\":\"Fundacja Rozwoju Edukacji G\\u0142uchych\",\"description\":\"\",\"potentialAction\":[{\"@type\":\"SearchAction\",\"target\":\"https:\/\/freg.pl\/?s={search_term_string}\",\"query-input\":\"required name=search_term_string\"}],\"inLanguage\":\"pl-PL\"},{\"@type\":\"ImageObject\",\"@id\":\"https:\/\/freg.pl\/?page_id=248#primaryimage\",\"inLanguage\":\"pl-PL\",\"url\":\"http:\/\/freg.pl\/wp-content\/uploads\/2021\/12\/Active-citizens-fund@4x-300x105.png\",\"contentUrl\":\"http:\/\/freg.pl\/wp-content\/uploads\/2021\/12\/Active-citizens-fund@4x-300x105.png\"},{\"@type\":\"WebPage\",\"@id\":\"https:\/\/freg.pl\/?page_id=248#webpage\",\"url\":\"https:\/\/freg.pl\/?page_id=248\",\"name\":\"lista instytucji, kt\\u00f3re odpowiedzia\\u0142y na badanie ankietowe - Fundacja Rozwoju Edukacji G\\u0142uchych\",\"isPartOf\":{\"@id\":\"https:\/\/freg.pl\/#website\"},\"primaryImageOfPage\":{\"@id\":\"https:\/\/freg.pl\/?page_id=248#primaryimage\"},\"datePublished\":\"2021-12-01T11:58:49+00:00\",\"dateModified\":\"2022-05-18T17:49:19+00:00\",\"breadcrumb\":{\"@id\":\"https:\/\/freg.pl\/?page_id=248#breadcrumb\"},\"inLanguage\":\"pl-PL\",\"potentialAction\":[{\"@type\":\"ReadAction\",\"target\":[\"https:\/\/freg.pl\/?page_id=248\"]}]},{\"@type\":\"BreadcrumbList\",\"@id\":\"https:\/\/freg.pl\/?page_id=248#breadcrumb\",\"itemListElement\":[{\"@type\":\"ListItem\",\"position\":1,\"item\":{\"@type\":\"WebPage\",\"@id\":\"https:\/\/freg.pl\/\",\"url\":\"https:\/\/freg.pl\/\",\"name\":\"Home\"}},{\"@type\":\"ListItem\",\"position\":2,\"item\":{\"@type\":\"WebPage\",\"@id\":\"https:\/\/freg.pl\/?page_id=248\",\"url\":\"https:\/\/freg.pl\/?page_id=248\",\"name\":\"lista instytucji, kt\\u00f3re odpowiedzia\\u0142y na badanie ankietowe\"}}]}]}<\/script>\n<!-- \/ Yoast SEO plugin. -->","_links":{"self":[{"href":"https:\/\/freg.pl\/index.php?rest_route=\/wp\/v2\/pages\/248","targetHints":{"allow":["GET"]}}],"collection":[{"href":"https:\/\/freg.pl\/index.php?rest_route=\/wp\/v2\/pages"}],"about":[{"href":"https:\/\/freg.pl\/index.php?rest_route=\/wp\/v2\/types\/page"}],"author":[{"embeddable":true,"href":"https:\/\/freg.pl\/index.php?rest_route=\/wp\/v2\/users\/1"}],"replies":[{"embeddable":true,"href":"https:\/\/freg.pl\/index.php?rest_route=%2Fwp%2Fv2%2Fcomments&post=248"}],"version-history":[{"count":5,"href":"https:\/\/freg.pl\/index.php?rest_route=\/wp\/v2\/pages\/248\/revisions"}],"predecessor-version":[{"id":466,"href":"https:\/\/freg.pl\/index.php?rest_route=\/wp\/v2\/pages\/248\/revisions\/466"}],"wp:attachment":[{"href":"https:\/\/freg.pl\/index.php?rest_route=%2Fwp%2Fv2%2Fmedia&parent=248"}],"curies":[{"name":"wp","href":"https:\/\/api.w.org\/{rel}","templated":true}]}}