{"id":242,"date":"2021-12-01T12:23:59","date_gmt":"2021-12-01T11:23:59","guid":{"rendered":"http:\/\/freg.pl\/?page_id=242"},"modified":"2022-05-18T19:49:42","modified_gmt":"2022-05-18T17:49:42","slug":"lista-instytucji-ktore-zadeklarowaly-udzial-w-projekcie","status":"publish","type":"page","link":"https:\/\/freg.pl\/?page_id=242","title":{"rendered":"lista instytucji, kt\u00f3re zadeklarowa\u0142y udzia\u0142 w projekcie"},"content":{"rendered":"\n<ol class=\"wp-block-list\"><li>Gmina P\u0105tn\u00f3w<\/li><li>Gmina Zdu\u0144ska Wola<\/li><li>Urz\u0105d Miasta Radomska<\/li><li>Gmina Podd\u0119bice<\/li><li>Gmina Uniej\u00f3w<\/li><li>Gmina \u017bychlin<\/li><li>Starostwo Powiatowe w Pabianicach<\/li><li>Starostwo Powiatowe w Podd\u0119bicach<\/li><li>Muzeum Archeologiczne i Etnograficzne w \u0141odzi<\/li><li>Muzeum w \u0141owiczu<\/li><li>Muzeum Ziemi Wielu\u0144skiej w Wieluniu<\/li><li>Powiatowy Urz\u0105d Pracy w Kutnie<\/li><li>Powiatowy Urz\u0105d Pracy w \u0141asku<\/li><li>Powiatowy Urz\u0105d Pracy w \u0141\u0119czycy<\/li><li>Powiatowy Urz\u0105d Pracy w Zgierzu<\/li><li>Powiatowe Centrum Pomocy Rodzinie w Wieruszowie<\/li><li>Poradnia Psychologiczno-Pedagogiczna w Tomaszowie Mazowieckim<\/li><\/ol>\n\n\n\n<p><\/p>\n\n\n\n<p class=\"has-small-font-size\">Strona powsta\u0142a w ramach projektu \u201eM\u00f3j powiat \u2013 jest PJM?\u201d, realizowanego z dotacji programu Aktywni Obywatele \u2013 Fundusz Krajowy, finansowanego przez Islandi\u0119, Lichtenstein i Norwegi\u0119 w ramach Funduszy EOG.<\/p>\n\n\n\n<figure class=\"wp-block-image size-medium\"><img loading=\"lazy\" decoding=\"async\" width=\"300\" height=\"105\" src=\"http:\/\/freg.pl\/wp-content\/uploads\/2021\/12\/Active-citizens-fund@4x-300x105.png\" alt=\"logo programu Aktywni Obywatele\" class=\"wp-image-280\" srcset=\"https:\/\/freg.pl\/wp-content\/uploads\/2021\/12\/Active-citizens-fund@4x-300x105.png 300w, https:\/\/freg.pl\/wp-content\/uploads\/2021\/12\/Active-citizens-fund@4x-1024x359.png 1024w, https:\/\/freg.pl\/wp-content\/uploads\/2021\/12\/Active-citizens-fund@4x-768x270.png 768w, https:\/\/freg.pl\/wp-content\/uploads\/2021\/12\/Active-citizens-fund@4x-1536x539.png 1536w, https:\/\/freg.pl\/wp-content\/uploads\/2021\/12\/Active-citizens-fund@4x-2048x719.png 2048w, https:\/\/freg.pl\/wp-content\/uploads\/2021\/12\/Active-citizens-fund@4x-1568x550.png 1568w\" sizes=\"auto, (max-width: 300px) 100vw, 300px\" \/><\/figure>\n","protected":false},"excerpt":{"rendered":"<p>Gmina P\u0105tn\u00f3w Gmina Zdu\u0144ska Wola Urz\u0105d Miasta Radomska Gmina Podd\u0119bice Gmina Uniej\u00f3w Gmina \u017bychlin Starostwo Powiatowe w Pabianicach Starostwo Powiatowe w Podd\u0119bicach Muzeum Archeologiczne i Etnograficzne w \u0141odzi Muzeum w \u0141owiczu Muzeum Ziemi Wielu\u0144skiej w Wieluniu Powiatowy Urz\u0105d Pracy w Kutnie Powiatowy Urz\u0105d Pracy w \u0141asku Powiatowy Urz\u0105d Pracy w \u0141\u0119czycy Powiatowy Urz\u0105d Pracy w &hellip; <\/p>\n<p class=\"link-more\"><a href=\"https:\/\/freg.pl\/?page_id=242\" class=\"more-link\">Czytaj dalej<span class=\"screen-reader-text\"> lista instytucji, kt\u00f3re zadeklarowa\u0142y udzia\u0142 w projekcie<\/span><\/a><\/p>\n","protected":false},"author":1,"featured_media":0,"parent":0,"menu_order":0,"comment_status":"closed","ping_status":"closed","template":"","meta":{"footnotes":""},"class_list":["post-242","page","type-page","status-publish","hentry","entry"],"yoast_head":"<!-- This site is optimized with the Yoast SEO plugin v16.1.1 - https:\/\/yoast.com\/wordpress\/plugins\/seo\/ -->\n<title>lista instytucji, kt\u00f3re zadeklarowa\u0142y udzia\u0142 w projekcie - Fundacja Rozwoju Edukacji G\u0142uchych<\/title>\n<link rel=\"canonical\" href=\"https:\/\/freg.pl\/?page_id=242\" \/>\n<meta property=\"og:locale\" content=\"pl_PL\" \/>\n<meta property=\"og:type\" content=\"article\" \/>\n<meta property=\"og:title\" content=\"lista instytucji, kt\u00f3re zadeklarowa\u0142y udzia\u0142 w projekcie - Fundacja Rozwoju Edukacji G\u0142uchych\" \/>\n<meta property=\"og:description\" content=\"Gmina P\u0105tn\u00f3w Gmina Zdu\u0144ska Wola Urz\u0105d Miasta Radomska Gmina Podd\u0119bice Gmina Uniej\u00f3w Gmina \u017bychlin Starostwo Powiatowe w Pabianicach Starostwo Powiatowe w Podd\u0119bicach Muzeum Archeologiczne i Etnograficzne w \u0141odzi Muzeum w \u0141owiczu Muzeum Ziemi Wielu\u0144skiej w Wieluniu Powiatowy Urz\u0105d Pracy w Kutnie Powiatowy Urz\u0105d Pracy w \u0141asku Powiatowy Urz\u0105d Pracy w \u0141\u0119czycy Powiatowy Urz\u0105d Pracy w &hellip; Czytaj dalej lista instytucji, kt\u00f3re zadeklarowa\u0142y udzia\u0142 w projekcie\" \/>\n<meta property=\"og:url\" content=\"https:\/\/freg.pl\/?page_id=242\" \/>\n<meta property=\"og:site_name\" content=\"Fundacja Rozwoju Edukacji G\u0142uchych\" \/>\n<meta property=\"article:modified_time\" content=\"2022-05-18T17:49:42+00:00\" \/>\n<meta property=\"og:image\" content=\"http:\/\/freg.pl\/wp-content\/uploads\/2021\/12\/Active-citizens-fund@4x-300x105.png\" \/>\n<meta name=\"twitter:card\" content=\"summary_large_image\" \/>\n<meta name=\"twitter:label1\" content=\"Szacowany czas czytania\">\n\t<meta name=\"twitter:data1\" content=\"1 minuta\">\n<script type=\"application\/ld+json\" class=\"yoast-schema-graph\">{\"@context\":\"https:\/\/schema.org\",\"@graph\":[{\"@type\":\"WebSite\",\"@id\":\"https:\/\/freg.pl\/#website\",\"url\":\"https:\/\/freg.pl\/\",\"name\":\"Fundacja Rozwoju Edukacji G\\u0142uchych\",\"description\":\"\",\"potentialAction\":[{\"@type\":\"SearchAction\",\"target\":\"https:\/\/freg.pl\/?s={search_term_string}\",\"query-input\":\"required name=search_term_string\"}],\"inLanguage\":\"pl-PL\"},{\"@type\":\"ImageObject\",\"@id\":\"https:\/\/freg.pl\/?page_id=242#primaryimage\",\"inLanguage\":\"pl-PL\",\"url\":\"http:\/\/freg.pl\/wp-content\/uploads\/2021\/12\/Active-citizens-fund@4x-300x105.png\",\"contentUrl\":\"http:\/\/freg.pl\/wp-content\/uploads\/2021\/12\/Active-citizens-fund@4x-300x105.png\"},{\"@type\":[\"WebPage\",\"ItemPage\"],\"@id\":\"https:\/\/freg.pl\/?page_id=242#webpage\",\"url\":\"https:\/\/freg.pl\/?page_id=242\",\"name\":\"lista instytucji, kt\\u00f3re zadeklarowa\\u0142y udzia\\u0142 w projekcie - Fundacja Rozwoju Edukacji G\\u0142uchych\",\"isPartOf\":{\"@id\":\"https:\/\/freg.pl\/#website\"},\"primaryImageOfPage\":{\"@id\":\"https:\/\/freg.pl\/?page_id=242#primaryimage\"},\"datePublished\":\"2021-12-01T11:23:59+00:00\",\"dateModified\":\"2022-05-18T17:49:42+00:00\",\"breadcrumb\":{\"@id\":\"https:\/\/freg.pl\/?page_id=242#breadcrumb\"},\"inLanguage\":\"pl-PL\",\"potentialAction\":[{\"@type\":\"ReadAction\",\"target\":[\"https:\/\/freg.pl\/?page_id=242\"]}]},{\"@type\":\"BreadcrumbList\",\"@id\":\"https:\/\/freg.pl\/?page_id=242#breadcrumb\",\"itemListElement\":[{\"@type\":\"ListItem\",\"position\":1,\"item\":{\"@type\":\"WebPage\",\"@id\":\"https:\/\/freg.pl\/\",\"url\":\"https:\/\/freg.pl\/\",\"name\":\"Home\"}},{\"@type\":\"ListItem\",\"position\":2,\"item\":{\"@type\":\"WebPage\",\"@id\":\"https:\/\/freg.pl\/?page_id=242\",\"url\":\"https:\/\/freg.pl\/?page_id=242\",\"name\":\"lista instytucji, kt\\u00f3re zadeklarowa\\u0142y udzia\\u0142 w projekcie\"}}]}]}<\/script>\n<!-- \/ Yoast SEO plugin. -->","_links":{"self":[{"href":"https:\/\/freg.pl\/index.php?rest_route=\/wp\/v2\/pages\/242","targetHints":{"allow":["GET"]}}],"collection":[{"href":"https:\/\/freg.pl\/index.php?rest_route=\/wp\/v2\/pages"}],"about":[{"href":"https:\/\/freg.pl\/index.php?rest_route=\/wp\/v2\/types\/page"}],"author":[{"embeddable":true,"href":"https:\/\/freg.pl\/index.php?rest_route=\/wp\/v2\/users\/1"}],"replies":[{"embeddable":true,"href":"https:\/\/freg.pl\/index.php?rest_route=%2Fwp%2Fv2%2Fcomments&post=242"}],"version-history":[{"count":7,"href":"https:\/\/freg.pl\/index.php?rest_route=\/wp\/v2\/pages\/242\/revisions"}],"predecessor-version":[{"id":467,"href":"https:\/\/freg.pl\/index.php?rest_route=\/wp\/v2\/pages\/242\/revisions\/467"}],"wp:attachment":[{"href":"https:\/\/freg.pl\/index.php?rest_route=%2Fwp%2Fv2%2Fmedia&parent=242"}],"curies":[{"name":"wp","href":"https:\/\/api.w.org\/{rel}","templated":true}]}}